{"id":87,"date":"2013-02-27T19:19:50","date_gmt":"2013-02-27T19:19:50","guid":{"rendered":"http:\/\/psicologia.faccat.br\/blog\/?page_id=87"},"modified":"2013-02-27T19:19:50","modified_gmt":"2013-02-27T19:19:50","slug":"objetivos","status":"publish","type":"page","link":"https:\/\/psicologia.faccat.br\/blog\/curso\/objetivos\/","title":{"rendered":"Objetivos"},"content":{"rendered":"<h2>Objetivo geral<\/h2>\n<p>O Curso de Psicologia visa \u00e0 forma\u00e7\u00e3o de psic\u00f3logos comprometidos com a promo\u00e7\u00e3o da sa\u00fade e da qualidade de vida de pessoas, grupos e organiza\u00e7\u00f5es, atuando de maneira cr\u00edtica, \u00e9tica, com responsabilidade e inser\u00e7\u00e3o social em diferentes contextos.<\/p>\n<h2>Objetivos espec\u00edficos<\/h2>\n<p>a)\u00a0Promover a forma\u00e7\u00e3o de profissionais para atuar nas mais diversas \u00e1reas do conhecimento psicol\u00f3gico, com \u00eanfase nos campos sociais, da sa\u00fade e do trabalho.<br \/>\nb)\u00a0Contribuir para a forma\u00e7\u00e3o de psic\u00f3logos que trabalhem com vistas \u00e0 promo\u00e7\u00e3o do acesso da popula\u00e7\u00e3o aos servi\u00e7os disponibilizados pela ci\u00eancia psicol\u00f3gica, sempre pautados pelo padr\u00e3o \u00e9tico da profiss\u00e3o.<br \/>\nc)\u00a0Possibilitar, atrav\u00e9s do oferecimento de atividades cient\u00edficas e projetos de extens\u00e3o, uma forma\u00e7\u00e3o que sensibilize o acad\u00eamico quanto \u00e0s principais necessidades psicol\u00f3gicas da comunidade em que est\u00e1 inserido.<br \/>\nd)\u00a0Oferecer uma forma\u00e7\u00e3o que possibilite o reconhecimento da diversidade de perspectivas necess\u00e1rias para a compreens\u00e3o do ser humano e incentivo \u00e0 interlocu\u00e7\u00e3o com campos de conhecimento que permitam a apreens\u00e3o da complexidade e multidetermina\u00e7\u00e3o do fen\u00f4meno psicol\u00f3gico.<br \/>\ne)\u00a0Formar profissionais voltados para uma compreens\u00e3o cr\u00edtica dos fen\u00f4menos sociais, econ\u00f4micos, culturais e pol\u00edticos do pa\u00eds.<br \/>\nf)\u00a0Auxiliar para o desenvolvimento da Psicologia como campo cient\u00edfico, pesquisando diferentes segmentos dessa \u00e1rea do conhecimento.<\/p>\n<!-- AddThis Advanced Settings generic via filter on the_content --><!-- AddThis Share Buttons generic via filter on the_content -->","protected":false},"excerpt":{"rendered":"<p>Objetivo geral O Curso de Psicologia visa \u00e0 forma\u00e7\u00e3o de psic\u00f3logos comprometidos com a promo\u00e7\u00e3o da sa\u00fade e da qualidade de vida de pessoas, grupos e organiza\u00e7\u00f5es, atuando de maneira cr\u00edtica, \u00e9tica, com responsabilidade e inser\u00e7\u00e3o social em diferentes contextos. Objetivos espec\u00edficos a)\u00a0Promover a forma\u00e7\u00e3o de profissionais para atuar nas mais diversas \u00e1reas do conhecimento &hellip; <a href=\"https:\/\/psicologia.faccat.br\/blog\/curso\/objetivos\/\" class=\"more-link\">Continue lendo<span class=\"screen-reader-text\"> &#8220;Objetivos&#8221;<\/span><\/a><!-- AddThis Advanced Settings generic via filter on get_the_excerpt --><!-- AddThis Share Buttons generic via filter on get_the_excerpt --><\/p>\n","protected":false},"author":4,"featured_media":0,"parent":5,"menu_order":0,"comment_status":"open","ping_status":"open","template":"","meta":{"footnotes":""},"class_list":["post-87","page","type-page","status-publish","hentry"],"_links":{"self":[{"href":"https:\/\/psicologia.faccat.br\/blog\/wp-json\/wp\/v2\/pages\/87","targetHints":{"allow":["GET"]}}],"collection":[{"href":"https:\/\/psicologia.faccat.br\/blog\/wp-json\/wp\/v2\/pages"}],"about":[{"href":"https:\/\/psicologia.faccat.br\/blog\/wp-json\/wp\/v2\/types\/page"}],"author":[{"embeddable":true,"href":"https:\/\/psicologia.faccat.br\/blog\/wp-json\/wp\/v2\/users\/4"}],"replies":[{"embeddable":true,"href":"https:\/\/psicologia.faccat.br\/blog\/wp-json\/wp\/v2\/comments?post=87"}],"version-history":[{"count":1,"href":"https:\/\/psicologia.faccat.br\/blog\/wp-json\/wp\/v2\/pages\/87\/revisions"}],"predecessor-version":[{"id":88,"href":"https:\/\/psicologia.faccat.br\/blog\/wp-json\/wp\/v2\/pages\/87\/revisions\/88"}],"up":[{"embeddable":true,"href":"https:\/\/psicologia.faccat.br\/blog\/wp-json\/wp\/v2\/pages\/5"}],"wp:attachment":[{"href":"https:\/\/psicologia.faccat.br\/blog\/wp-json\/wp\/v2\/media?parent=87"}],"curies":[{"name":"wp","href":"https:\/\/api.w.org\/{rel}","templated":true}]}}

<h2>Objetivo geral</h2>
<p>O Curso de Psicologia visa à formação de psicólogos comprometidos com a promoção da saúde e da qualidade de vida de pessoas, grupos e organizações, atuando de maneira crítica, ética, com responsabilidade e inserção social em diferentes contextos.</p>
<h2>Objetivos específicos</h2>
<p>a) Promover a formação de profissionais para atuar nas mais diversas áreas do conhecimento psicológico, com ênfase nos campos sociais, da saúde e do trabalho.<br />
b) Contribuir para a formação de psicólogos que trabalhem com vistas à promoção do acesso da população aos serviços disponibilizados pela ciência psicológica, sempre pautados pelo padrão ético da profissão.<br />
c) Possibilitar, através do oferecimento de atividades científicas e projetos de extensão, uma formação que sensibilize o acadêmico quanto às principais necessidades psicológicas da comunidade em que está inserido.<br />
d) Oferecer uma formação que possibilite o reconhecimento da diversidade de perspectivas necessárias para a compreensão do ser humano e incentivo à interlocução com campos de conhecimento que permitam a apreensão da complexidade e multideterminação do fenômeno psicológico.<br />
e) Formar profissionais voltados para uma compreensão crítica dos fenômenos sociais, econômicos, culturais e políticos do país.<br />
f) Auxiliar para o desenvolvimento da Psicologia como campo científico, pesquisando diferentes segmentos dessa área do conhecimento.</p>
<!-- AddThis Advanced Settings generic via filter on the_content --><!-- AddThis Share Buttons generic via filter on the_content -->

<p>Objetivo geral O Curso de Psicologia visa à formação de psicólogos comprometidos com a promoção da saúde e da qualidade de vida de pessoas, grupos e organizações, atuando de maneira crítica, ética, com responsabilidade e inserção social em diferentes contextos. Objetivos específicos a) Promover a formação de profissionais para atuar nas mais diversas áreas do conhecimento &hellip; <a href="https://psicologia.faccat.br/blog/curso/objetivos/" class="more-link">Continue lendo<span class="screen-reader-text"> &#8220;Objetivos&#8221;</span></a><!-- AddThis Advanced Settings generic via filter on get_the_excerpt --><!-- AddThis Share Buttons generic via filter on get_the_excerpt --></p>
