{"id":7,"date":"2012-08-21T16:59:16","date_gmt":"2012-08-21T16:59:16","guid":{"rendered":"http:\/\/psicologia.faccat.br\/blog\/?page_id=7"},"modified":"2018-06-08T18:34:01","modified_gmt":"2018-06-08T18:34:01","slug":"apresentacao","status":"publish","type":"page","link":"https:\/\/psicologia.faccat.br\/blog\/curso\/apresentacao\/","title":{"rendered":"Apresenta\u00e7\u00e3o"},"content":{"rendered":"<p align=\"justify\">O\u00a0<strong>Curso de Psicologia da FACCAT<\/strong>\u00a0oferece em sua estrutura curricular a possibilidade de forma\u00e7\u00e3o de futuros psic\u00f3logos para atuarem em diversas \u00e1reas do conhecimento cient\u00edfico. Dentre essas \u00e1reas, o profissional formado nesta institui\u00e7\u00e3o ter\u00e1 especial conhecimento sobre quest\u00f5es relativas ao campo\u00a0<strong>social<\/strong>, da\u00a0<strong>sa\u00fade<\/strong>\u00a0e do\u00a0<strong>trabalho<\/strong>.<\/p>\n<p align=\"justify\">A pr\u00e1tica profissional do psic\u00f3logo contempla a utiliza\u00e7\u00e3o de teorias, m\u00e9todos e t\u00e9cnicas da psicologia nas m\u00faltiplas institui\u00e7\u00f5es em que s\u00e3o empreendidas a\u00e7\u00f5es sociais e de sa\u00fade, como hospitais e ambulat\u00f3rios gerais, unidades b\u00e1sicas de sa\u00fade, escolas, creches, institui\u00e7\u00f5es e outras organiza\u00e7\u00f5es, sejam p\u00fablicas, n\u00e3o governamentais ou de controle privado. O psic\u00f3logo pode, ainda, atuar junto a \u00e1rea do trabalho, estando, desta forma, comprometido com desenvolvimento de cada integrante da organiza\u00e7\u00e3o onde est\u00e1 atuando, valorizando o trabalho em equipe e a busca de melhor qualidade de vida no ambiente laboral.<\/p>\n<p align=\"justify\">Para preparar o futuro profissional Psic\u00f3logo para atuar em todas essas \u00e1reas, o Curso de Psicologia da FACCAT oferece uma forma\u00e7\u00e3o voltada para a maior compreens\u00e3o do significado do comportamento humano nos contextos de intera\u00e7\u00e3o. O egresso do curso estar\u00e1 capacitado a atuar de maneira cr\u00edtica, reflexiva e \u00e9tica nos mais variados campos de trabalho profissional. A proposta do curso objetiva levar o aluno a compreender, problematizar a ampliar os modos tradicionais de atua\u00e7\u00e3o do Psic\u00f3logo, buscando desenvolver novas formas de interven\u00e7\u00e3o multidisciplinar sobre as demandas populacionais atrav\u00e9s de projetos de extens\u00e3o e pesquisa junto \u00e0 comunidade.<\/p>\n<p align=\"justify\"><a href=\"http:\/\/psicologia.faccat.br\/blog\/curso\/apresentacao\/attachment\/14650545_1497367573613544_4464582108728338668_n\/\" rel=\"attachment wp-att-6362\"><img loading=\"lazy\" decoding=\"async\" class=\"aligncenter size-full wp-image-6362\" src=\"http:\/\/psicologia.faccat.br\/blog\/wp-content\/uploads\/2018\/06\/14650545_1497367573613544_4464582108728338668_n.jpg\" alt=\"\" width=\"960\" height=\"786\" srcset=\"https:\/\/psicologia.faccat.br\/blog\/wp-content\/uploads\/2018\/06\/14650545_1497367573613544_4464582108728338668_n.jpg 960w, https:\/\/psicologia.faccat.br\/blog\/wp-content\/uploads\/2018\/06\/14650545_1497367573613544_4464582108728338668_n-300x246.jpg 300w, https:\/\/psicologia.faccat.br\/blog\/wp-content\/uploads\/2018\/06\/14650545_1497367573613544_4464582108728338668_n-768x629.jpg 768w\" sizes=\"auto, (max-width: 709px) 85vw, (max-width: 909px) 67vw, (max-width: 1362px) 62vw, 840px\" \/><\/a> <a href=\"http:\/\/psicologia.faccat.br\/blog\/curso\/apresentacao\/attachment\/16730230_1643829285634038_8214876902029415264_n\/\" rel=\"attachment wp-att-6363\"><img loading=\"lazy\" decoding=\"async\" class=\"aligncenter size-full wp-image-6363\" src=\"http:\/\/psicologia.faccat.br\/blog\/wp-content\/uploads\/2018\/06\/16730230_1643829285634038_8214876902029415264_n.jpg\" alt=\"\" width=\"960\" height=\"737\" srcset=\"https:\/\/psicologia.faccat.br\/blog\/wp-content\/uploads\/2018\/06\/16730230_1643829285634038_8214876902029415264_n.jpg 960w, https:\/\/psicologia.faccat.br\/blog\/wp-content\/uploads\/2018\/06\/16730230_1643829285634038_8214876902029415264_n-300x230.jpg 300w, https:\/\/psicologia.faccat.br\/blog\/wp-content\/uploads\/2018\/06\/16730230_1643829285634038_8214876902029415264_n-768x590.jpg 768w\" sizes=\"auto, (max-width: 709px) 85vw, (max-width: 909px) 67vw, (max-width: 1362px) 62vw, 840px\" \/><\/a> <a href=\"http:\/\/psicologia.faccat.br\/blog\/curso\/apresentacao\/attachment\/19959032_1815309691819329_643512787377627138_n\/\" rel=\"attachment wp-att-6364\"><img loading=\"lazy\" decoding=\"async\" class=\"aligncenter size-full wp-image-6364\" src=\"http:\/\/psicologia.faccat.br\/blog\/wp-content\/uploads\/2018\/06\/19959032_1815309691819329_643512787377627138_n.jpg\" alt=\"\" width=\"960\" height=\"720\" srcset=\"https:\/\/psicologia.faccat.br\/blog\/wp-content\/uploads\/2018\/06\/19959032_1815309691819329_643512787377627138_n.jpg 960w, https:\/\/psicologia.faccat.br\/blog\/wp-content\/uploads\/2018\/06\/19959032_1815309691819329_643512787377627138_n-300x225.jpg 300w, https:\/\/psicologia.faccat.br\/blog\/wp-content\/uploads\/2018\/06\/19959032_1815309691819329_643512787377627138_n-768x576.jpg 768w\" sizes=\"auto, (max-width: 709px) 85vw, (max-width: 909px) 67vw, (max-width: 1362px) 62vw, 840px\" \/><\/a> <a href=\"http:\/\/psicologia.faccat.br\/blog\/curso\/apresentacao\/attachment\/20800358_1864826520200979_9153841033694904876_n\/\" rel=\"attachment wp-att-6365\"><img loading=\"lazy\" decoding=\"async\" class=\"aligncenter size-full wp-image-6365\" src=\"http:\/\/psicologia.faccat.br\/blog\/wp-content\/uploads\/2018\/06\/20800358_1864826520200979_9153841033694904876_n.jpg\" alt=\"\" width=\"960\" height=\"540\" srcset=\"https:\/\/psicologia.faccat.br\/blog\/wp-content\/uploads\/2018\/06\/20800358_1864826520200979_9153841033694904876_n.jpg 960w, https:\/\/psicologia.faccat.br\/blog\/wp-content\/uploads\/2018\/06\/20800358_1864826520200979_9153841033694904876_n-300x169.jpg 300w, https:\/\/psicologia.faccat.br\/blog\/wp-content\/uploads\/2018\/06\/20800358_1864826520200979_9153841033694904876_n-768x432.jpg 768w\" sizes=\"auto, (max-width: 709px) 85vw, (max-width: 909px) 67vw, (max-width: 1362px) 62vw, 840px\" \/><\/a> <a href=\"http:\/\/psicologia.faccat.br\/blog\/curso\/apresentacao\/attachment\/img_20161013_183223\/\" rel=\"attachment wp-att-6366\"><img loading=\"lazy\" decoding=\"async\" class=\"aligncenter size-full wp-image-6366\" src=\"http:\/\/psicologia.faccat.br\/blog\/wp-content\/uploads\/2018\/06\/IMG_20161013_183223.jpg\" alt=\"\" width=\"4160\" height=\"2340\" srcset=\"https:\/\/psicologia.faccat.br\/blog\/wp-content\/uploads\/2018\/06\/IMG_20161013_183223.jpg 4160w, https:\/\/psicologia.faccat.br\/blog\/wp-content\/uploads\/2018\/06\/IMG_20161013_183223-300x169.jpg 300w, https:\/\/psicologia.faccat.br\/blog\/wp-content\/uploads\/2018\/06\/IMG_20161013_183223-768x432.jpg 768w, https:\/\/psicologia.faccat.br\/blog\/wp-content\/uploads\/2018\/06\/IMG_20161013_183223-1024x576.jpg 1024w, https:\/\/psicologia.faccat.br\/blog\/wp-content\/uploads\/2018\/06\/IMG_20161013_183223-1200x675.jpg 1200w\" sizes=\"auto, (max-width: 709px) 85vw, (max-width: 909px) 67vw, (max-width: 1362px) 62vw, 840px\" \/><\/a> <a href=\"http:\/\/psicologia.faccat.br\/blog\/curso\/apresentacao\/attachment\/img_20161020_185057\/\" rel=\"attachment wp-att-6367\"><img loading=\"lazy\" decoding=\"async\" class=\"aligncenter size-full wp-image-6367\" src=\"http:\/\/psicologia.faccat.br\/blog\/wp-content\/uploads\/2018\/06\/IMG_20161020_185057.jpg\" alt=\"\" width=\"3317\" height=\"2340\" srcset=\"https:\/\/psicologia.faccat.br\/blog\/wp-content\/uploads\/2018\/06\/IMG_20161020_185057.jpg 3317w, https:\/\/psicologia.faccat.br\/blog\/wp-content\/uploads\/2018\/06\/IMG_20161020_185057-300x212.jpg 300w, https:\/\/psicologia.faccat.br\/blog\/wp-content\/uploads\/2018\/06\/IMG_20161020_185057-768x542.jpg 768w, https:\/\/psicologia.faccat.br\/blog\/wp-content\/uploads\/2018\/06\/IMG_20161020_185057-1024x722.jpg 1024w, https:\/\/psicologia.faccat.br\/blog\/wp-content\/uploads\/2018\/06\/IMG_20161020_185057-1200x847.jpg 1200w\" sizes=\"auto, (max-width: 709px) 85vw, (max-width: 909px) 67vw, (max-width: 1362px) 62vw, 840px\" \/><\/a> <a href=\"http:\/\/psicologia.faccat.br\/blog\/curso\/apresentacao\/attachment\/img_20170217_202129043_burst000_cover_top-pano\/\" rel=\"attachment wp-att-6371\"><img loading=\"lazy\" decoding=\"async\" class=\"aligncenter size-full wp-image-6371\" src=\"http:\/\/psicologia.faccat.br\/blog\/wp-content\/uploads\/2018\/06\/IMG_20170217_202129043_BURST000_COVER_TOP-PANO.jpg\" alt=\"\" width=\"5259\" height=\"1837\" srcset=\"https:\/\/psicologia.faccat.br\/blog\/wp-content\/uploads\/2018\/06\/IMG_20170217_202129043_BURST000_COVER_TOP-PANO.jpg 5259w, https:\/\/psicologia.faccat.br\/blog\/wp-content\/uploads\/2018\/06\/IMG_20170217_202129043_BURST000_COVER_TOP-PANO-300x105.jpg 300w, https:\/\/psicologia.faccat.br\/blog\/wp-content\/uploads\/2018\/06\/IMG_20170217_202129043_BURST000_COVER_TOP-PANO-768x268.jpg 768w, https:\/\/psicologia.faccat.br\/blog\/wp-content\/uploads\/2018\/06\/IMG_20170217_202129043_BURST000_COVER_TOP-PANO-1024x358.jpg 1024w, https:\/\/psicologia.faccat.br\/blog\/wp-content\/uploads\/2018\/06\/IMG_20170217_202129043_BURST000_COVER_TOP-PANO-1200x419.jpg 1200w\" sizes=\"auto, (max-width: 709px) 85vw, (max-width: 909px) 67vw, (max-width: 1362px) 62vw, 840px\" \/><\/a><\/p>\n<h3 align=\"justify\">Dura\u00e7\u00e3o de 10 semestres<\/h3>\n<p title=\"faccat5\" align=\"justify\">Compreende como parte do processo de forma\u00e7\u00e3o a pr\u00e1tica de\u00a0<strong>Est\u00e1gio Supervisionado<\/strong>, oportunizando que os alunos entrem em contato com situa\u00e7\u00f5es, contextos e institui\u00e7\u00f5es relacionadas \u00e0s duas \u00eanfases do curso (Social\/Sa\u00fade e Organizacional\/Trabalho).<\/p>\n<h3 align=\"justify\">Estrutura F\u00edsica<\/h3>\n<p align=\"justify\">Em termos de estrutura f\u00edsica e aparato did\u00e1tico, o Curso de Psicologia da FACCAT disp\u00f5e do\u00a0<strong>Laborat\u00f3rio de Avalia\u00e7\u00e3o Psicol\u00f3gica<\/strong>, que oferece aos alunos do curso materiais necess\u00e1rios para a realiza\u00e7\u00e3o procedimentos de diagn\u00f3stico psicol\u00f3gico; <strong>Laborat\u00f3rios<\/strong>\u00a0<strong>de Neuroanatomia\u00a0<\/strong>e\u00a0<strong>Neurofisiologia<\/strong>\u00a0que oferecem espa\u00e7o e infra-estrutura para aquisi\u00e7\u00e3o de conhecimentos e pr\u00e1tica de experi\u00eancias na \u00e1rea das ci\u00eancias biol\u00f3gicas.<\/p>\n<h3 align=\"justify\">Comunidade<\/h3>\n<p align=\"justify\">Al\u00e9m disso, o curso oferece para a comunidade, atendimento psicol\u00f3gico e demais servi\u00e7os na \u00e1rea da psicologia, atrav\u00e9s do\u00a0<strong>CESEP<\/strong>\u00a0<strong>&#8211; Centro de Servi\u00e7os em Psicologia<\/strong>. O CESEP disponibiliza servi\u00e7os de psicoterapia individual, de casal e familiar, grupos terap\u00eauticos e de apoio, palestras na comunidade, al\u00e9m de atividades acad\u00eamicas, incluindo oficinas, congressos, eventos cient\u00edficos.<\/p>\n<h3 align=\"justify\">Professores<\/h3>\n<p align=\"justify\">Todos os professores do curso s\u00e3o Mestres ou Doutores\u00a0em suas \u00e1reas de conhecimento, o que oportuniza maiores trocas de conhecimento em sala de aula. O curso oferece, ainda, aprimoramento cont\u00ednuo atrav\u00e9s de atividades complementares como eventos cient\u00edficos, visitas t\u00e9cnicas, grupos de pesquisa, jornadas, cursos de extens\u00e3o e palestras.<\/p>\n<h2 align=\"justify\"><strong>Niap<\/strong><\/h2>\n<p align=\"justify\">As atividades de integra\u00e7\u00e3o entre alunos, professores e comunidade s\u00e3o realizadas pelo <strong>N\u00facleo de Integra\u00e7\u00e3o dos Alunos da Psicologia \u2013 NIAP<\/strong> e apoiadas pela Coordena\u00e7\u00e3o do Curso de Psicologia. O NIAP oferece um espa\u00e7o para a troca de informa\u00e7\u00f5es e experi\u00eancias entre os acad\u00eamicos do curso, auxiliando na sele\u00e7\u00e3o de temas e \u00e1reas de interesse dos alunos para palestras e cursos de extens\u00e3o. Al\u00e9m disso, a parceria entre NIAP e Coordena\u00e7\u00e3o de Curso promove eventos como a \u201cGincana Psi\u201d, \u201cProfessores na Cozinha\u201d, \u201cFesta Universit\u00e1ria\u201d, \u201cAssembleia de Alunos\u201d e \u201cJornada Cient\u00edfica\u201d.<\/p>\n<p align=\"justify\">\n<!-- AddThis Advanced Settings generic via filter on the_content --><!-- AddThis Share Buttons generic via filter on the_content -->","protected":false},"excerpt":{"rendered":"<p>O\u00a0Curso de Psicologia da FACCAT\u00a0oferece em sua estrutura curricular a possibilidade de forma\u00e7\u00e3o de futuros psic\u00f3logos para atuarem em diversas \u00e1reas do conhecimento cient\u00edfico. Dentre essas \u00e1reas, o profissional formado nesta institui\u00e7\u00e3o ter\u00e1 especial conhecimento sobre quest\u00f5es relativas ao campo\u00a0social, da\u00a0sa\u00fade\u00a0e do\u00a0trabalho. A pr\u00e1tica profissional do psic\u00f3logo contempla a utiliza\u00e7\u00e3o de teorias, m\u00e9todos e t\u00e9cnicas &hellip; <a href=\"https:\/\/psicologia.faccat.br\/blog\/curso\/apresentacao\/\" class=\"more-link\">Continue lendo<span class=\"screen-reader-text\"> &#8220;Apresenta\u00e7\u00e3o&#8221;<\/span><\/a><!-- AddThis Advanced Settings generic via filter on get_the_excerpt --><!-- AddThis Share Buttons generic via filter on get_the_excerpt --><\/p>\n","protected":false},"author":4,"featured_media":0,"parent":5,"menu_order":0,"comment_status":"open","ping_status":"open","template":"","meta":{"footnotes":""},"class_list":["post-7","page","type-page","status-publish","hentry"],"_links":{"self":[{"href":"https:\/\/psicologia.faccat.br\/blog\/wp-json\/wp\/v2\/pages\/7","targetHints":{"allow":["GET"]}}],"collection":[{"href":"https:\/\/psicologia.faccat.br\/blog\/wp-json\/wp\/v2\/pages"}],"about":[{"href":"https:\/\/psicologia.faccat.br\/blog\/wp-json\/wp\/v2\/types\/page"}],"author":[{"embeddable":true,"href":"https:\/\/psicologia.faccat.br\/blog\/wp-json\/wp\/v2\/users\/4"}],"replies":[{"embeddable":true,"href":"https:\/\/psicologia.faccat.br\/blog\/wp-json\/wp\/v2\/comments?post=7"}],"version-history":[{"count":15,"href":"https:\/\/psicologia.faccat.br\/blog\/wp-json\/wp\/v2\/pages\/7\/revisions"}],"predecessor-version":[{"id":6374,"href":"https:\/\/psicologia.faccat.br\/blog\/wp-json\/wp\/v2\/pages\/7\/revisions\/6374"}],"up":[{"embeddable":true,"href":"https:\/\/psicologia.faccat.br\/blog\/wp-json\/wp\/v2\/pages\/5"}],"wp:attachment":[{"href":"https:\/\/psicologia.faccat.br\/blog\/wp-json\/wp\/v2\/media?parent=7"}],"curies":[{"name":"wp","href":"https:\/\/api.w.org\/{rel}","templated":true}]}}