{"id":178,"date":"2013-02-28T20:10:32","date_gmt":"2013-02-28T20:10:32","guid":{"rendered":"http:\/\/psicologia.faccat.br\/blog\/?page_id=178"},"modified":"2021-08-03T19:45:39","modified_gmt":"2021-08-03T19:45:39","slug":"niap","status":"publish","type":"page","link":"https:\/\/psicologia.faccat.br\/blog\/alunos\/niap\/","title":{"rendered":"NIAP"},"content":{"rendered":"<h2 id=\"pageheading\">NIAP &#8211;\u00a0N\u00facleo de Integra\u00e7\u00e3o dos Alunos de Psicologia<\/h2>\n<p style=\"text-align: justify;\">O <strong>NIAP<\/strong> foi criado pelos acad\u00eamicos do curso de Psicologia no ano de 2005 e tem por finalidades: o reconhecimento, est\u00edmulo e promo\u00e7\u00e3o dos interesses dos alunos do curso; a integra\u00e7\u00e3o entre corpo discente, docente e comunidade; a busca do aperfei\u00e7oamento constante das condi\u00e7\u00f5es de Ensino, Pesquisa e Extens\u00e3o e o desenvolvimento educacional, cultural, intelectual e cient\u00edfico do corpo discente. Para tanto, promove e apoia diferentes atividades e eventos<strong>.<\/strong><\/p>\n<p style=\"text-align: center;\"><strong>Gest\u00e3o 2021\/2022<\/strong><\/p>\n<p style=\"text-align: center;\">Presidente: Claudenir Munhoz<\/p>\n<p style=\"text-align: center;\">Vice-presidente: Nathane Angeli<\/p>\n<p style=\"text-align: center;\">Secret\u00e1rio: Anderson Henrique<\/p>\n<p style=\"text-align: center;\">Tesoureira: Ana Laura<\/p>\n<p style=\"text-align: center;\">Diretor de Estatutos e Regulamento: Marcelo Maciel<\/p>\n<p style=\"text-align: center;\">Diretor Social: Evandro Carnetti<\/p>\n<p style=\"text-align: center;\">Saiba mais consultando nosso estatuto: <a style=\"font-size: revert; text-align: left;\" href=\"http:\/\/psicologia.faccat.br\/blog\/wp-content\/uploads\/2013\/02\/Estatuto-NIAP.pdf\">Estatuto NIAP<\/a><\/p>\n<div>\n<p><img loading=\"lazy\" decoding=\"async\" class=\"aligncenter\" src=\"http:\/\/psicologia.faccat.br\/blog\/wp-content\/uploads\/2013\/02\/logo-niap.png\" alt=\"logo-niap\" width=\"414\" height=\"193\" \/><\/p>\n<div style=\"text-align: center;\"><\/div>\n<\/div>\n<!-- AddThis Advanced Settings generic via filter on the_content --><!-- AddThis Share Buttons generic via filter on the_content -->","protected":false},"excerpt":{"rendered":"<p>NIAP &#8211;\u00a0N\u00facleo de Integra\u00e7\u00e3o dos Alunos de Psicologia O NIAP foi criado pelos acad\u00eamicos do curso de Psicologia no ano de 2005 e tem por finalidades: o reconhecimento, est\u00edmulo e promo\u00e7\u00e3o dos interesses dos alunos do curso; a integra\u00e7\u00e3o entre corpo discente, docente e comunidade; a busca do aperfei\u00e7oamento constante das condi\u00e7\u00f5es de Ensino, Pesquisa &hellip; <a href=\"https:\/\/psicologia.faccat.br\/blog\/alunos\/niap\/\" class=\"more-link\">Continue lendo<span class=\"screen-reader-text\"> &#8220;NIAP&#8221;<\/span><\/a><!-- AddThis Advanced Settings generic via filter on get_the_excerpt --><!-- AddThis Share Buttons generic via filter on get_the_excerpt --><\/p>\n","protected":false},"author":4,"featured_media":0,"parent":176,"menu_order":0,"comment_status":"open","ping_status":"open","template":"","meta":{"footnotes":""},"class_list":["post-178","page","type-page","status-publish","hentry"],"_links":{"self":[{"href":"https:\/\/psicologia.faccat.br\/blog\/wp-json\/wp\/v2\/pages\/178","targetHints":{"allow":["GET"]}}],"collection":[{"href":"https:\/\/psicologia.faccat.br\/blog\/wp-json\/wp\/v2\/pages"}],"about":[{"href":"https:\/\/psicologia.faccat.br\/blog\/wp-json\/wp\/v2\/types\/page"}],"author":[{"embeddable":true,"href":"https:\/\/psicologia.faccat.br\/blog\/wp-json\/wp\/v2\/users\/4"}],"replies":[{"embeddable":true,"href":"https:\/\/psicologia.faccat.br\/blog\/wp-json\/wp\/v2\/comments?post=178"}],"version-history":[{"count":22,"href":"https:\/\/psicologia.faccat.br\/blog\/wp-json\/wp\/v2\/pages\/178\/revisions"}],"predecessor-version":[{"id":6762,"href":"https:\/\/psicologia.faccat.br\/blog\/wp-json\/wp\/v2\/pages\/178\/revisions\/6762"}],"up":[{"embeddable":true,"href":"https:\/\/psicologia.faccat.br\/blog\/wp-json\/wp\/v2\/pages\/176"}],"wp:attachment":[{"href":"https:\/\/psicologia.faccat.br\/blog\/wp-json\/wp\/v2\/media?parent=178"}],"curies":[{"name":"wp","href":"https:\/\/api.w.org\/{rel}","templated":true}]}}