{"id":141,"date":"2013-02-27T20:15:55","date_gmt":"2013-02-27T20:15:55","guid":{"rendered":"http:\/\/psicologia.faccat.br\/blog\/?page_id=141"},"modified":"2023-04-25T18:26:56","modified_gmt":"2023-04-25T18:26:56","slug":"anatomia-e-fisiologia","status":"publish","type":"page","link":"https:\/\/psicologia.faccat.br\/blog\/laboratorios\/anatomia-e-fisiologia\/","title":{"rendered":"Anatomia e Fisiologia"},"content":{"rendered":"<p>O Laborat\u00f3rio de Anatomia do Curso de Psicologia conta com modelos importados de acr\u00edlico, que possibilitam o estudo da anatomia geral em aulas pr\u00e1ticas destinadas \u00e0 observa\u00e7\u00e3o do corpo humano. O laborat\u00f3rio conta com um modelo de esqueleto, em tamanho natural, e outros modelos de \u00f3rg\u00e3os internos, como cora\u00e7\u00e3o e os sistemas renal e digestivo, al\u00e9m de um conjunto representando os diversos est\u00e1gios da gesta\u00e7\u00e3o, com modelos de fetos no \u00fatero em diversas idades. Tamb\u00e9m est\u00e3o dispon\u00edveis modelos mais espec\u00edficos para o estudo da anatomia na \u00e1rea do sistema nervoso, como um enc\u00e9falo para observa\u00e7\u00e3o em grandes grupos.<\/p>\n<p>Junto ao Laborat\u00f3rio de Anatomia, o Laborat\u00f3rio de Fisiologia oferece espa\u00e7o e infra-estrutura para melhor aquisi\u00e7\u00e3o de conhecimentos e pr\u00e1tica de experi\u00eancias na \u00e1rea das ci\u00eancias biol\u00f3gicas. \u00c9 um espa\u00e7o no qual o aluno tem a possibilidade de compreender a dimens\u00e3o biol\u00f3gica da vida humana e promover a integra\u00e7\u00e3o com os fen\u00f4menos psicol\u00f3gicos.<\/p>\n<!-- AddThis Advanced Settings generic via filter on the_content --><!-- AddThis Share Buttons generic via filter on the_content -->","protected":false},"excerpt":{"rendered":"<p>O Laborat\u00f3rio de Anatomia do Curso de Psicologia conta com modelos importados de acr\u00edlico, que possibilitam o estudo da anatomia geral em aulas pr\u00e1ticas destinadas \u00e0 observa\u00e7\u00e3o do corpo humano. O laborat\u00f3rio conta com um modelo de esqueleto, em tamanho natural, e outros modelos de \u00f3rg\u00e3os internos, como cora\u00e7\u00e3o e os sistemas renal e digestivo, &hellip; <a href=\"https:\/\/psicologia.faccat.br\/blog\/laboratorios\/anatomia-e-fisiologia\/\" class=\"more-link\">Continue lendo<span class=\"screen-reader-text\"> &#8220;Anatomia e Fisiologia&#8221;<\/span><\/a><!-- AddThis Advanced Settings generic via filter on get_the_excerpt --><!-- AddThis Share Buttons generic via filter on get_the_excerpt --><\/p>\n","protected":false},"author":4,"featured_media":0,"parent":139,"menu_order":0,"comment_status":"open","ping_status":"open","template":"","meta":{"footnotes":""},"class_list":["post-141","page","type-page","status-publish","hentry"],"_links":{"self":[{"href":"https:\/\/psicologia.faccat.br\/blog\/wp-json\/wp\/v2\/pages\/141","targetHints":{"allow":["GET"]}}],"collection":[{"href":"https:\/\/psicologia.faccat.br\/blog\/wp-json\/wp\/v2\/pages"}],"about":[{"href":"https:\/\/psicologia.faccat.br\/blog\/wp-json\/wp\/v2\/types\/page"}],"author":[{"embeddable":true,"href":"https:\/\/psicologia.faccat.br\/blog\/wp-json\/wp\/v2\/users\/4"}],"replies":[{"embeddable":true,"href":"https:\/\/psicologia.faccat.br\/blog\/wp-json\/wp\/v2\/comments?post=141"}],"version-history":[{"count":7,"href":"https:\/\/psicologia.faccat.br\/blog\/wp-json\/wp\/v2\/pages\/141\/revisions"}],"predecessor-version":[{"id":6856,"href":"https:\/\/psicologia.faccat.br\/blog\/wp-json\/wp\/v2\/pages\/141\/revisions\/6856"}],"up":[{"embeddable":true,"href":"https:\/\/psicologia.faccat.br\/blog\/wp-json\/wp\/v2\/pages\/139"}],"wp:attachment":[{"href":"https:\/\/psicologia.faccat.br\/blog\/wp-json\/wp\/v2\/media?parent=141"}],"curies":[{"name":"wp","href":"https:\/\/api.w.org\/{rel}","templated":true}]}}